he prime factors of a?
2, 3, 7, 11
Suppose -84 = -0*f - 3*f. Suppose -5*l = 2*l - f. What are the prime factors of l?
2
Let i = 96 + 672. What are the prime factors of i?
2, 3
Suppose -y = -5*p - 4924, -14*y + 4*p = -17*y + 14791. List the prime factors of y.
3, 31, 53
Let f = 124 - 61. Let y = 41 + f. Suppose u + y = 5*u. What are the prime factors of u?
2, 13
Suppose 1 + 40 = z. Let i be (38/(-114))/((-2)/(-102)). Let r = i + z. List the prime factors of r.
2, 3
Let y be 4 + -1 + -7 + 1. Let s be (y + 4)*(-66)/2. Let c = s - -100. List the prime factors of c.
67
Let v be ((-8)/(-6))/((-16)/(-72)). Suppose -3*w = -v*w + 756. What are the prime factors of w?
2, 3, 7
Let c = 480 + -457. What are the prime factors of c?
23
What are the prime factors of (20064/64)/(3/2)?
11, 19
Let f(z) = 308*z**2 - 4*z + 3. What are the prime factors of f(1)?
307
What are the prime factors of -1 + 6 + (-4 + 453 - 6)?
2, 7
Let q(b) = -b**3 - 1. Let t(n) = 2*n**3 - n**2 - 4. Let k(p) = q(p) + t(p). Let s be k(0). Let x(i) = 2*i**2 + 5*i - 5. List the prime factors of x(s).
2, 5
Suppose 7 + 3 = 5*s. Suppose -2*h - 2*h = s*x + 60, x + 2 = 5*h. Let v = 31 + x. List the prime factors of v.
3
List the prime factors of (3 + -1)/(29183/3647 + -8).
2, 521
Let a(c) = c**2 + 13*c + 327. List the prime factors of a(-22).
3, 5, 7
Suppose t - 39 = -34, g + 3*t = 867. What are the prime factors of g?
2, 3, 71
Let u(f) = -140*f + 104. List the prime factors of u(-11).
2, 3, 137
Let n = 21 - 19. Suppose n*x + 2*a = 14, 6 = -2*x + 4*a + 44. List the prime factors of x.
11
Let u = -10 - -13. List the prime factors of u/(-1)*204/(-18).
2, 17
Let v be (0 - -1)/3*3*5. Let g(c) = c**2 - 2*c - 3. What are the prime factors of g(v)?
2, 3
Let r be (7 - -1)*(-132)/(-24). Let o = 194 - r. Let j = -105 + o. List the prime factors of j.
3, 5
Let a(n) = -n**2 + 12*n - 15. Let b = 13 + -3. Let l be a(b). Let i(u) = u**3 - 5*u**2 + 5*u - 1. What are the prime factors of i(l)?
2, 3
Suppose -y + 4 - 2 = h, 0 = -4*y + 3*h - 13. What are the prime factors of y/(-2) + 850/20?
43
Suppose 8344 = 4*x - 4*r, 9*x + 4144 = 11*x + 5*r. List the prime factors of x.
2, 3, 347
Suppose -2*p - 1532 = -3*n, -n + 149 + 369 = 3*p. List the prime factors of n.
2
Suppose -m - 4 = -x, 4*m - 2 = -2*x - 0*m. Suppose x*u = 39 + 276. List the prime factors of u.
3, 5, 7
Let c(q) = q**2 + 8*q + 15. Let s = -35 - -20. Let b be c(s). Suppose -8*f - b = -12*f. What are the prime factors of f?
2, 3, 5
Let l(d) = -d**2 + 14*d + 21. Let v be l(15). Suppose 2*h + h = -v, -3*h - 12 = 2*i. What are the prime factors of (-10 - 0)*i/6?
5
Suppose o = -3*o. Suppose 140 = s + 3*s - 3*k, o = 5*s - 3*k - 178. List the prime factors of s.
2, 19
Let b be 10/(-1 - 12/(-4)). Suppose 3*w = -0*v + b*v + 98, 2 = -2*v. Suppose 5*p = 14 + w. What are the prime factors of p?
3
Let d(b) = -2 - 1 + 5*b + 0 - 5*b**2 + 4*b**2. List the prime factors of d(2).
3
Let u(q) = -q**3 - 15*q**2 - 47. Let r(z) = -z**3 - 14*z**2 - 48. Let i(a) = 6*r(a) - 7*u(a). List the prime factors of i(-21).
41
Suppose 0*t = 6*t + 870. Let c = -93 - t. List the prime factors of c.
2, 13
Let t = -982 + 1674. What are the prime factors of t?
2, 173
Suppose -r = 2*c - 314, 3*r + 0*c = -c + 942. List the prime factors of r.
2, 157
Let s(g) = g**2 - g + 1. Let y(c) = -6*c**2 - 14*c + 1. Let x(i) = 5*s(i) + y(i). List the prime factors of x(-14).
2, 19
Let w = 246 - 227. List the prime factors of w.
19
Let n = 8 + -2. Suppose -a = -n*a + 10, 0 = 4*v - 5*a - 2410. List the prime factors of 4/(-14) + v/35.
17
Suppose 4*o = -o - 40. List the prime factors of (-213)/(-6) - o/16.
2, 3
Suppose 0 = -5*h - 1 + 26. Suppose h*c = 2*y - 0*y + 41, -30 = -3*c + 3*y. Suppose 2*p = c*p - 55. What are the prime factors of p?
11
Let l be 4 - (6 + (-12)/3) - 42. Let u = l + 192. List the prime factors of u.
2, 19
Suppose -192*b = -201*b + 53631. What are the prime factors of b?
59, 101
Suppose 0 = 4*a - 3*a + 24. What are the prime factors of (-9)/(54/220)*a/10?
2, 11
Let z be (4/(-2)*1)/2. Let k = 20 + z. Suppose 4*n - k = 3*n. What are the prime factors of n?
19
Let v(r) = r**2 + 23*r - 54. List the prime factors of v(21).
2, 3, 5, 29
Suppose 0 = r - m - 22, -m - 110 = r - 6*r. Suppose 17*p = r*p - 405. What are the prime factors of p?
3
Suppose 18 = 4*n - 6. Suppose -285 = -7*c + 4*c. Suppose -n*w = -c + 35. What are the prime factors of w?
2, 5
Let l = 9 - -4. Suppose l*r = 15*r - 62. What are the prime factors of r?
31
Let l(v) = 3*v**2 + 4*v + 48. List the prime factors of l(11).
5, 7, 13
Let p be 1*-4 - 0/11. What are the prime factors of ((-6)/p)/((-36)/(-528))?
2, 11
Let l be ((-15)/(-6))/(5/110) + 2. Suppose -a = -16 - l. What are the prime factors of a?
73
Suppose -32*h - 1173 = -33*h + 3*s, 0 = -h + 2*s + 1174. List the prime factors of h.
2, 3, 7
Suppose -10*n + 2605 = 3*a - 6*n, 4*a + n - 3469 = 0. List the prime factors of a.
3, 17
Let i(w) = 25*w**3 - 15*w**2 + 39*w + 1. List the prime factors of i(4).
37, 41
Let v(c) = c**2 - 7*c - 10. Let w be (-340)/(-24) - 2/12. Let u = w - 4. List the prime factors of v(u).
2, 5
Let m(i) = 54*i + 12. Let o be m(6). Let t be 6/(-10) - o/(-60). Suppose -42 = -p + t. List the prime factors of p.
47
Let d(z) = -z**3 - 15*z**2 - 12*z - 5. Let v be d(-14). Let f = -24 - v. What are the prime factors of f?
3
Suppose 2*f + f - 21 = -2*u, -5*u - f + 20 = 0. Suppose 107*a + 288 = 111*a. Suppose n - a = -u*n. What are the prime factors of n?
2, 3
Let x = -85 + 92. List the prime factors of (x/(-42)*-3)/(2/840).
2, 3, 5, 7
Let l = 58 + -53. Suppose 0 = -2*m + 4*t + 14 + 14, -l*m - 5*t + 115 = 0. What are the prime factors of m?
2, 5
Let x = -789 - -1624. What are the prime factors of x?
5, 167
Let g(y) = -36*y + 2027. List the prime factors of g(0).
2027
Let x(u) = 0*u + 3 - 2 - 2*u + 3*u**2. Let m be x(2). Suppose -m = 5*h - 64. List the prime factors of h.
11
Let f = 65 - 61. Suppose -3*t + 3 = -f*j, -3*t + 5*j - 40 = -8*t. List the prime factors of t.
5
Suppose 5*k + 2*h - 8 = 6*k, k = -2*h - 20. Let d(w) = 6 - 5*w + w**3 - 2*w**3 - 15*w**2 - 9*w. What are the prime factors of d(k)?
2, 3
Let l be 64 + 1 + (2 - -3). What are the prime factors of -3 + 1*l*2?
137
Let y(r) = 4*r + 7. Let i(u) = u**3 - 10*u**2 + 11*u - 13. Let o be i(9). Let n be y(o). Let f = n + -1. List the prime factors of f.
2, 13
Suppose 33 = 4*u + 5. Suppose 0 = 3*k - s - 9, u*k = 5*k - s + 11. Let y = 8 - k. What are the prime factors of y?
2
Suppose -4*k - 2 = -5*k. Let m(f) = -1 - f - k + 0*f + 6*f. List the prime factors of m(8).
37
Suppose 0 = -8*u + 3 + 789. Suppose d + d - 4*r = 98, -5*r = -2*d + u. What are the prime factors of d?
47
Let h(o) = -7*o + 172. What are the prime factors of h(7)?
3, 41
Let d(r) = r**3 - 12*r**2 + 48*r - 17. List the prime factors of d(15).
2, 13, 53
Let a(c) = 4257*c**2 - 2*c + 4. List the prime factors of a(1).
4259
Let w(d) = d**2 + 0 - 7*d + 1 - 7. Let i(t) = 9*t. Let c be i(1). List the prime factors of w(c).
2, 3
Let v(d) = -12*d - 13 + 0*d - 6*d + 62 + d**2. List the prime factors of v(15).
2
Let u(v) = -2*v**2 + 3*v + 37 + 59 + 18. List the prime factors of u(0).
2, 3, 19
Let g be (12/(-15))/((-2)/5). Suppose g*w - 12 = -w. Suppose -w*f = -3*f - 8. List the prime factors of f.
2
Let s = -4326 + 6174. List the prime factors of s.
2, 3, 7, 11
Suppose -2*r = -3*f - 1567, 0 = -4*r + 8*f - 12*f + 3164. What are the prime factors of r?
2, 197
Let l be (1 - 0)*(2 + 7). Suppose -4*w + l + 51 = 0. Suppose 0 = -4*r + 5*r - w. What are the prime factors of r?
3, 5
Let v(o) = o**3 + 7*o**2 + o + 11. Let g be v(-7). List the prime factors of ((g - 4) + -1)*-52.
2, 13
Suppose -7*q + 3*q + 480 = 2*v, -976 = -4*v - 4*q. List the prime factors of v.
2, 31
What are the prime factors of 6*-1 - 6*(-8 + -193)?
2, 3, 5
Let c = -4 + -7. Let b = 65 + c. List the prime factors of b.
2, 3
Let h(x) = -5*x**2 + 12*x - 13. Let v(j) = 11*j**2 - 25*j + 27. Let f(t) = -9*h(t) - 4*v(t). What are the prime factors of f(9)?
2, 3
Suppose 28*v = 3*u + 25*v - 10215, -u + 3400 = -2*v. What are the prime factors of u?
2, 5, 11, 31
Let r(u) be the first derivative of -u**3/3 - 5*u**2/2 + 156*u + 46. What are the prime factors of r(0)?
2, 3, 13
Suppose -c - 2856 = -3*n, -4 - 8 